= -4*c**3 - 15*c**2 + 22*c + 15. Let d(a) = 5*r(a) - 6*s(a). Determine d(24).
38
Let z = -26 - -27. Let y(l) = 7 + 3*l - 9 + 1 - z. Let a be 1 - 0/5 - -6. What is y(a)?
19
Let b(m) = -m**2 + 11*m + 21. Let y(z) = -2*z**2 + 20*z + 42. Let u(d) = -9*b(d) + 4*y(d). What is u(20)?
-1
Let k be (16/(-6))/((-2)/3). Let d(s) be the third derivative of 0*s - s**3 + 1/8*s**4 - 21 + s**2. Determine d(k).
6
Let a(n) = n**2 + 6*n - 2. Let f be ((-4)/7)/(8/(-28)). Suppose -4*l = -4*g - 29 - 7, f*l + g - 21 = 0. Let o be (-1*l)/(-5) + -8. Give a(o).
-2
Let r(j) = 6*j**2 + 42*j - 21. Let z(a) = -7*a**2 - 51*a + 20. Let q(y) = 6*r(y) + 5*z(y). Determine q(0).
-26
Suppose 757*o - 719*o = 76. Suppose -4*t + 2*s + 3 = -11, 2*t = 3*s + 13. Let b(a) = -t*a + 4*a - 2 - 5*a + 3*a**2 - 2*a**2. Calculate b(o).
-4
Let o(g) = -102*g + 1274. Let c be o(13). Let h(i) = -2*i**2 - 104*i. Determine h(c).
0
Let d(x) be the first derivative of x**4/4 - 8*x**3/3 + 7*x**2/2 - 5*x - 2942. Determine d(7).
-5
Let h = 136 + -131. Suppose 0 = -y - h, 5*x - y + 25 = 4*y. Let p(q) = -q**3 - 9*q**2 + 10*q + 6. Calculate p(x).
6
Let a(m) = -30*m - 31. Let o(j) = 26*j + 26. Let g(t) = -6*a(t) - 7*o(t). Let z be 1 - (-6)/(-5)*(-50)/20. Determine g(z).
-4
Let v(h) = -19*h - 68. Let f be v(-4). Let q(o) = -1270 - 4*o + f*o + 1269. Let s(i) = -i + 7. Let t be s(5). Determine q(t).
7
Let b(h) = h. Let p(c) = 15*c + 3. Let q(f) = -4*b(f) + p(f). Calculate q(-3).
-30
Let g(z) = -3*z - 5. Let w be g(-4). Let t(h) = 25*h**3 + 8*h**2 + 20. Let k(i) = -28*i**3 - 10*i**2 + i - 22. Let d(c) = 8*k(c) + 9*t(c). Determine d(w).
11
Let b = -8426 - -8421. Let c(u) = -11*u**2 - 56*u - 16. Determine c(b).
-11
Let m(d) be the second derivative of 49*d**5/20 + d**3/6 - d**2 - 1593*d - 2. Determine m(1).
48
Let b(o) = o**2 + 9*o - 8. Let c be b(-10). Suppose 3*q = 3*u - 72, -56 = -4*u - 3*q + 54. Let i(f) = u + 21 + f**c - 49. Give i(0).
-2
Let w(t) = -23*t**3 + t**2 + t + 1. Let i(z) = 6*z**3. Let a(c) = 4*i(c) + w(c). What is a(-2)?
-5
Let f(o) = 8*o**2 - 529*o + 59. Let d be f(66). Let p(i) = -i**3 - 7*i**2 - 7. Give p(d).
-7
Let y = -16500 + 16501. Let j(k) = -10*k**3 + 3*k**2 - 3*k + 1. Calculate j(y).
-9
Let i(u) = -8*u - 31. Let w(l) = 2*l - 16. Let a(o) = -i(o) - 6*w(o). Determine a(34).
-9
Let x be 0/(-2) - (-1 - 5). Let o(n) = -333*n - 27. Let q(k) = -400*k - 31. Let l(i) = 6*o(i) - 5*q(i). Determine l(x).
5
Let t(u) = 7 - 509*u**2 - u**3 - 1 - 7*u + 514*u**2. Let w be t(4). Let m(d) = d**2 + 4*d - 4. Determine m(w).
8
Let c(b) = -6*b**3 - 19*b**2 - 7*b - 17. Let p(r) = 17*r**3 + 55*r**2 + 19*r + 50. Let y(g) = -11*c(g) - 4*p(g). Give y(-6).
17
Let b = -657 + 668. Suppose 25 = b*x - 13*x + q, -5*q + 37 = -2*x. Let k(u) = u**3 + 10*u**2 - 13*u - 16. Determine k(x).
6
Let g(m) = -m + 14. Let l(d) = 6. Let r be (-1590)/330 - 2/11. Let b(f) = r*l(f) + 2*g(f). What is b(-6)?
10
Let s(p) = 43*p + 646. Let z be (6*(-15)/120)/(-1 + (-84)/(-80)). Determine s(z).
1
Suppose -3*p + 30 = 3*j, -41*p + 38*p + 18 = j. Let d(u) = u**3 - 5*u**2 - 6*u - 6. Determine d(j).
-6
Suppose 3*s = 5*y + 27, -4*y - 10 - 22 = -5*s. Let z(d) = -d**3 + 3*d**2 - 11*d + 6. What is z(s)?
-54
Suppose -210 = -10*i + 120. Let x(m) = -27*m + 15 + 22*m + 15 - i. Let t(f) = 2*f + 6. Let g be t(-4). Give x(g).
7
Suppose 2*a - 44 = 2*n, 5*a + 3*n + 30 = 6*a. Let s(q) = -q**2 + 20*q - 36. Determine s(a).
0
Suppose -36*d = -152 + 222 - 178. Let k(i) be the third derivative of -i**2 + 0 - 1/24*i**4 + 0*i - 4/3*i**d. What is k(-6)?
-2
Let o(v) = -24*v**2 - 1520 - 30*v**2 + 52*v**2 + v - 2*v + 1463. Give o(0).
-57
Let w(z) = 2*z**3 - 4*z**2 + 8*z - 3. Let o(l) = -33*l + 332. Let x be o(10). Give w(x).
13
Let w(s) = -6*s - 1. Suppose -4 = -3*z + 107. Let x = z + -35. Suppose 3*n - 8*n - 5*k = -15, n = -x*k + 5. Calculate w(n).
-7
Let c(h) = -6*h + 7*h + 7*h + 13 - 6*h + 0*h. Calculate c(4).
21
Let q(y) = -4*y - 14. Let s(z) = -19*z + 69. Let w be s(4). Determine q(w).
14
Let y = -4319 - -4326. Let j(o) = -o**3 + 7*o**2 + 5*o - 43. Give j(y).
-8
Let a(y) = -y + 21. Let l = 129 - 220. Let t = -74 - l. Determine a(t).
4
Let v(h) = 15*h - 39. Let n be (-77)/(-19) - (17 - 6)/209. Give v(n).
21
Let o(h) = -h**3 + h**2 + h - 1. Let m = -4170 + 4169. Calculate o(m).
0
Let w(k) be the third derivative of -k**6/360 - 11*k**5/40 - k**4/12 - 49*k**3/6 - 18*k**2 - 4. Let a(v) be the second derivative of w(v). Give a(-18).
3
Let u(a) = 10*a + 192 + 2*a**2 + 189 - 563 + 194. What is u(-4)?
4
Let l(w) be the third derivative of 2*w**4 + 7*w**3/3 - 56*w**2. Let t(y) = 17*y + 5. Let p(r) = 6*l(r) - 17*t(r). Give p(7).
-8
Let t(y) = 21*y. Suppose -216 = -16*q - 11*q. Suppose -7*z - q = 6. What is t(z)?
-42
Suppose 4*y = -16, -220*a + 25 = -217*a - y. Let q(l) = -l**2 + 2*l. Determine q(a).
-35
Let t(j) = -j**3 - 46*j**2 - 44*j + 31. Let i(v) = -2*v**3 - 44*v**2 - 85*v - 145. Let k be i(-20). Calculate t(k).
-14
Let k(f) be the third derivative of 1/120*f**6 + f**3 - 124*f**2 - 7/60*f**5 + 1/4*f**4 + 0*f + 0. Calculate k(5).
-14
Let l(x) = x**3 - 3*x**2 - 4*x + 15. Let s be l(6). Let d(o) = 3*o + 89 + 7*o - s - o**2. Suppose b + 2 = 10. What is d(b)?
6
Let a be (-4)/(-6)*(-27)/(-6). Let g be 12/a - -1 - -1. Let b(q) be the third derivative of q**6/120 - q**5/10 - q**4/12 - 251*q**2. What is b(g)?
-12
Let p = -328 + 330. Suppose -20 = -p*u - 2*c, -u + 6*u - 2*c = 36. Let r(f) = -2*f + 4. Give r(u).
-12
Let z(a) be the first derivative of 3*a - 209 - 1/2*a**2. Determine z(8).
-5
Let l(o) = -37*o**2 - 38*o - 33. Let x(d) = -23*d**2 - 25*d - 21. Let s(f) = -5*l(f) + 8*x(f). Give s(8).
-19
Let c(o) = -2*o + 2. Let w(p) = p - 9. Suppose 0 = -48*u + 58*u - 30. Let z be w(u). Give c(z).
14
Let z(v) = -v**3 + 5*v**2 - 2*v - 7. Suppose -w = -1 - 0. Let o(b) = 10*b**2 + 129*b + 13. Let u be o(-13). Let j be 4*w + (27 - u). Calculate z(j).
-17
Let o(a) = 2*a**2 + a - 6. Let d(p) = -11*p**2 - 15*p + 40. Let n(g) = -d(g) - 6*o(g). Let t be (5 - 2)*8/(-6). Let j = t + 9. Determine n(j).
16
Let p be 32/2 - (47 - 37). Let f(t) = 8*t + 11. What is f(p)?
59
Let a(w) = -2*w - 2. Let j be (-1)/7 - 2506/(-49). Suppose -d + 15 = -j. Let k = -70 + d. Calculate a(k).
6
Let k(l) = 10*l**3 + 6*l - 5 - 9*l - 11*l**3 - 6*l**2. Let w = -513 + 507. Determine k(w).
13
Let f(i) = 3*i**2 - 7*i + 22*i - 15*i. Let w be 6789/7227 + 2/33. Calculate f(w).
3
Suppose -4*n = n + 4*i - 25, 3*n + 5*i - 15 = 0. Let k(l) be the first derivative of -l**2/2 + 3*l - 6. Determine k(n).
-2
Let d = -148 + 230. Let o be (-8 - (-210)/14) + -86. Let a = d + o. Let c(w) = -2*w**2 + 2*w - 1. Give c(a).
-13
Let q(h) = 5*h**3 - 69*h**2 - 33*h - 48. Let i(j) = 3*j**3 - 41*j**2 - 20*j - 29. Let d(u) = -12*i(u) + 7*q(u). Determine d(10).
2
Let w(h) be the first derivative of -47*h**4/4 - h**3 + h**2 - 3341. Give w(1).
-48
Let h = -46 + 136. Let d = 93 - h. Let n(z) = z**d - 16*z**2 + 4*z**2 - 3*z + 10*z**2. Determine n(3).
0
Let w(p) = -p**2 - 50*p - 143. Suppose -2*l - 91 = -d, 72*l - 3*d - 244 = 77*l. What is w(l)?
-2
Let t(o) = o + 1500*o**2 + o**3 - o - 1507*o**2 - 3. Let l be ((-2)/3)/((-2)/15). Suppose 0 = l*n - 4*z - 51, -n = -3*n + 3*z + 26. What is t(n)?
-3
Let s(r) be the first derivative of 11*r**6/120 - r**5/60 - r**4/12 - r**3/6 - r**2/2 - 40*r + 144. Let d(o) be the second derivative of s(o). What is d(-1)?
-11
Let w be 3/(-2) + 343/98. Let p(d) = 478 - 6*d**2 - 487 + 0*d**2 + 5*d**w + 5*d. What is p(5)?
-9
Let v(j) be the second derivative of -7*j - 13 - 4/3*j**3 - 1/2*j**2. Determine v(3).
-25
Let f(x) = -226*x + 69*x + 66*x - 8 + x**2 + 72*x. Calculate f(20).
12
Suppose 3*z = -2*r - 5, -2*z + 5*r - 113 + 59 = 0. Let j(n) be the first derivative of n**3/3 + 4*n**2 + 5*n + 1. Calculate j(z).
-2
Let g be (4 - 8 - -7)*(16 - 1). Suppose 11*h - g*h = -340. Let d(t) = -t**2 + 8*t + 6. Give d(h).
-14
Let x be (0 + -1)/((-1)/61). Let p = x + -10. Let z(q) = -52*q**2 + 0*q - q - 12 + p*q**2 + q**3. What is z(0)?
-12
Let h(c) = 4*c - 3. Let t(u) = 2*u**2 - 5*u + 4. Suppose 0 = 10*l - 16 - 4. Let r(k) = l*t(k) + 3*h(k). Give r(-2).
11
Let t(y) be the second derivative of 2*y**2 + 2 - 5*y + 1/3*y**3. Let b be (2 + 0)/(2/(-3)). What is t(b)?
-2
Suppose -52*q + 50*q + 139 = 5*y, 3*y + q = 84. Let x(k) = -2*k - 11*k - 2 + k*